{"id":849,"date":"2020-09-17T21:35:27","date_gmt":"2020-09-17T19:35:27","guid":{"rendered":"https:\/\/czyste-jeziora.pl\/?page_id=849"},"modified":"2020-09-17T21:35:28","modified_gmt":"2020-09-17T19:35:28","slug":"04-2014-milosz-sprawka-jakosc-wod-rzeki-welny-w-rogoznie-w-sezonie-wegetacyjnym-2013-analiza-zagrozen-dla-rzeki-w-obrebie-miasta","status":"publish","type":"page","link":"https:\/\/czyste-jeziora.pl\/?page_id=849","title":{"rendered":"04.2014 &#8211; Mi\u0142osz Sprawka &#8211; Jako\u015b\u0107 w\u00f3d rzeki We\u0142ny w Rogo\u017anie w sezonie wegetacyjnym 2013 &#8211; Analiza zagro\u017ce\u0144 dla rzeki w obr\u0119bie miasta"},"content":{"rendered":"\n<figure class=\"wp-block-embed-pdf-viewer-embed-pdf-viewer wp-block-embed-pdf-viewer-embed-pdf-viewer__content-wrapper\"><object class=\"embed-pdf-viewer\" data=\"https:\/\/czyste-jeziora.pl\/wp-content\/uploads\/2020\/09\/M_Sprawka_JakoscWodRzekiWelnyWRogoznie_09_2014.pdf#scrollbar=1&amp;toolbar=1\" type=\"application\/pdf\" height=\"800\" width=\"600\"><\/object><iframe class=\"embed-pdf-viewer\" src=\"https:\/\/docs.google.com\/viewer?url=https%3A%2F%2Fczyste-jeziora.pl%2Fwp-content%2Fuploads%2F2020%2F09%2FM_Sprawka_JakoscWodRzekiWelnyWRogoznie_09_2014.pdf&amp;embedded=true\" frameborder=\"0\" height=\"800\" width=\"600\"><\/iframe><\/figure>\n","protected":false},"excerpt":{"rendered":"","protected":false},"author":1,"featured_media":0,"parent":0,"menu_order":0,"comment_status":"closed","ping_status":"closed","template":"","meta":{"footnotes":""},"_links":{"self":[{"href":"https:\/\/czyste-jeziora.pl\/index.php?rest_route=\/wp\/v2\/pages\/849"}],"collection":[{"href":"https:\/\/czyste-jeziora.pl\/index.php?rest_route=\/wp\/v2\/pages"}],"about":[{"href":"https:\/\/czyste-jeziora.pl\/index.php?rest_route=\/wp\/v2\/types\/page"}],"author":[{"embeddable":true,"href":"https:\/\/czyste-jeziora.pl\/index.php?rest_route=\/wp\/v2\/users\/1"}],"replies":[{"embeddable":true,"href":"https:\/\/czyste-jeziora.pl\/index.php?rest_route=%2Fwp%2Fv2%2Fcomments&post=849"}],"version-history":[{"count":2,"href":"https:\/\/czyste-jeziora.pl\/index.php?rest_route=\/wp\/v2\/pages\/849\/revisions"}],"predecessor-version":[{"id":1319,"href":"https:\/\/czyste-jeziora.pl\/index.php?rest_route=\/wp\/v2\/pages\/849\/revisions\/1319"}],"wp:attachment":[{"href":"https:\/\/czyste-jeziora.pl\/index.php?rest_route=%2Fwp%2Fv2%2Fmedia&parent=849"}],"curies":[{"name":"wp","href":"https:\/\/api.w.org\/{rel}","templated":true}]}}